actors of (-1770)/(-5) - (7 + y - 3)?
3, 13
Let l be 6 - (-4)/(-5 - -4). Let u be l - -2 - (-3 - -6). Suppose -4*v + 109 = -3*x, -u = -2*x - 7. List the prime factors of v.
5
Let g be (616/66)/(2/6). Let z = 34 - g. List the prime factors of 4/(-6) - (-268)/z.
2, 11
Let d(q) = 6499*q**3 + 6*q**2 - 8*q + 1. List the prime factors of d(1).
2, 3, 19
Let o(r) = -r**2 - 7*r + 12. Let b be o(-8). Suppose -b*x + 1150 = x. List the prime factors of x.
2, 5, 23
Let j(a) be the third derivative of 203/6*a**3 + 1/24*a**4 - 16*a**2 + 0 - 1/120*a**6 + 1/60*a**5 + 0*a. What are the prime factors of j(0)?
7, 29
Let x(r) = 3*r**2 + 32*r - 709. What are the prime factors of x(17)?
2, 3, 13
Suppose -c + 175 = 166. List the prime factors of (-13390)/(-13) + -2*c/6.
13, 79
Let n(x) = -x**3 + 11*x**2 - 13*x + 42. Let d be n(10). List the prime factors of ((-8)/d)/(2/(-3168)).
2, 3, 11
Let f = -1820 + 2663. Suppose -f = -9*a + 885. List the prime factors of a.
2, 3
Let k = -307 - -345. Suppose -k - 12 = -h. What are the prime factors of h?
2, 5
List the prime factors of (-37248)/(-4) + (33 + 3)/(-9).
2, 13, 179
Let r(h) = 26 + 24*h**2 + 2*h - 3*h - 20. Let c be r(2). Suppose 2*y - 204 = -2*y - 4*d, 2*y - c = -4*d. List the prime factors of y.
2, 13
Suppose 4*s + 4*c = 40, -3*s = 4*c - 6*c - 5. Let k(m) = -39*m - 129. Let t be k(-3). List the prime factors of 5/(s/18)*t/(-2).
2, 3
Let k(z) be the third derivative of z**7/210 + z**6/240 - z**5/5 + 4*z**2. Let g(b) be the third derivative of k(b). List the prime factors of g(2).
3, 17
Suppose -8*s + 89958 - 27252 = -5*s. List the prime factors of s.
2, 7, 1493
Suppose -3*s = -3*b + 1128, 0 = 2*b - 6 - 2. Let w = 440 - s. What are the prime factors of w?
2, 7, 29
Suppose 206*m - 1242027 = 189261. List the prime factors of m.
2, 3, 193
Suppose -8*x + 995 + 3445 = 0. Let t be (-2)/7 - x/(-105). Suppose t*l - 391 = 309. List the prime factors of l.
2, 5, 7
Let o be (2*-3)/(-1*3/(-21)). Let f(t) = -t**3 - 42*t**2 - 40*t - 121. What are the prime factors of f(o)?
1559
Suppose -w - 10 = 5*a - 7, 4*w - 4*a + 12 = 0. List the prime factors of (-14)/3*(-43 - -1 - w).
2, 7, 13
Let m be -2 - -4*(-3 - 0)/(-3). Let q be (7/m + -2)/(4/8). Suppose 0 = q*l + 1 - 97. What are the prime factors of l?
2
Let y = 6775 + -6049. List the prime factors of y.
2, 3, 11
List the prime factors of (-16)/20*(-6200)/16*61.
2, 5, 31, 61
List the prime factors of (4 - -5102 - -12)*1*(-1 - -2).
2, 3, 853
Let b = -1667 - -3120. Let m = b + -971. What are the prime factors of m?
2, 241
Let r(d) = 2*d**2 - 24*d + 23. Let h be r(11). Let s be (6/(-4))/(-3)*(-19 - h). What are the prime factors of 65/s*(-15 - -1) - -1?
2, 23
Suppose b + 19051 = 3*i, -5*i + 4*b - 6164 = -37911. List the prime factors of i.
3, 29, 73
Suppose 0 = 2*v + 4*k - 10012, 5*k = -2*v - v + 15014. What are the prime factors of v?
2, 3, 7, 17
Suppose 12 = 2*a - 5*o - 14, -2*a - 2*o - 2 = 0. Suppose -5*f = 2*v + 22, a*f + 17 = -v - 4*v. What are the prime factors of (f - (-2)/(-6)*-3) + 17?
2, 7
Suppose 12 = 2*u - 4. Let b be (-78)/4*u/12. Let j(h) = -2*h + 30. List the prime factors of j(b).
2, 7
Let z be (1104/14)/((-6)/(-84)). Let x = z - 779. List the prime factors of x.
5, 13
Let p(r) = r**3 + 3*r**2 - 4*r + 1. Let h be p(2). Let x(y) = 2*y**2 - 14*y + 4. Let z be x(h). Suppose 5*c = -0*c + z. What are the prime factors of c?
2
Let o = 451 - -2163. What are the prime factors of o?
2, 1307
Suppose 4*l + 1 = 1. Suppose 2*b = 5*k - 250 - 562, 2*k + 3*b = 340. Suppose -d - 2*a + 422 = 4*d, l = 2*d - 4*a - k. List the prime factors of d.
2, 3, 7
Let m = -3254 - -14574. List the prime factors of m.
2, 5, 283
Let k be -1 - (-2)/(2*(-4)/(-644)). Suppose -t + 2*t = k. List the prime factors of t.
2, 5
Suppose -2*v = v - 5*v. Suppose 15*g - 4*g - 2486 = v. Suppose r + 3*d + 121 = 2*r, 2*r - 2*d = g. List the prime factors of r.
109
Suppose 235 = 2191*h - 2186*h. List the prime factors of h.
47
Let g = 4425 - 1885. List the prime factors of g.
2, 5, 127
Let t(u) be the third derivative of -31*u**4/24 + 16*u**3/3 - 13*u**2. Let o be t(7). Let y = -101 - o. What are the prime factors of y?
2, 3, 7
Let f = 16479 + -7869. What are the prime factors of f?
2, 3, 5, 7, 41
Let j = -11202 - -32493. What are the prime factors of j?
3, 47, 151
Suppose 5*m - 25 - 50 = 0. List the prime factors of (-5 + 99/m)/((-2)/(-250)).
2, 5
Suppose 0 = 65*u - 57*u - 152. Suppose -u*d + 9494 = 3585. What are the prime factors of d?
311
Suppose -224*o - 709808 = -333*o. List the prime factors of o.
2, 11, 37
Let h = -11856 + 16240. What are the prime factors of h?
2, 137
Let t be 17 + -14 + -2 + 9. Suppose -2*p - 3742 = -4*i, t*p - 4715 = -5*i + 5*p. What are the prime factors of i?
2, 7, 67
Suppose -5*z - 3*m = -127264, 3*z = m + 39226 + 37110. What are the prime factors of z?
2, 3181
Let l(i) = -i**2 - 7*i - 1. Let a be l(-7). Let p be (-150)/(-60)*(111/5 + a). Let d = p - -25. List the prime factors of d.
2, 3, 13
Let y(x) be the second derivative of -1/12*x**4 - 14*x + 3/2*x**3 - 5/2*x**2 + 0. List the prime factors of y(4).
3, 5
Let i be ((-2)/(-5))/((-16)/80). Let z(p) = 52*p**2 - p. Let c be z(i). Suppose -c = -2*x - 0*x + h, -99 = -x - h. What are the prime factors of x?
103
Let m = 236 - 237. What are the prime factors of (-359)/(m - 0/(1 + 0))?
359
Let r(x) = 2*x**2 - 15*x + 72. Let k be r(40). Let l = 4070 - k. List the prime factors of l.
2, 3, 233
Let c(i) = -70*i - 397. What are the prime factors of c(-60)?
3803
Suppose 5*z = 12*z - 84. Suppose 5*w = -2*p + 2732, -z*p = -13*p + 1. List the prime factors of w.
2, 3, 7, 13
Let c(z) = -z**2 - 15*z + 54. Let p be c(-18). Suppose r - 6*v + 3*v + 3 = p, -2*r - 2 = -2*v. Suppose r = -13*y + 715 + 208. List the prime factors of y.
71
What are the prime factors of (-644992)/(-80) + 1 + -1 + 6/(-15)?
2, 29, 139
Suppose -10*a + 13*a - 12829 = 4*j, -4*j - 2*a - 12834 = 0. What are the prime factors of j/(-6) + (186/18 - 10)?
5, 107
Let r be (132/(-7))/((-44)/154). Suppose 2*j = -3*n + 1382, -n + 522 - r = 3*j. List the prime factors of n.
2, 3, 7, 11
Let r be 2*5*(-22)/275*5. What are the prime factors of r/10 + (-3037)/(-5)?
607
Let j = 1499 + -399. Suppose -4*k + 3*k - 1092 = -4*u, j = 4*u - 3*k. What are the prime factors of u?
2, 17
Suppose -46*m + 357856 - 151273 + 606421 = 0. List the prime factors of m.
2, 8837
Suppose -17*y - 5*t = -12*y - 176540, -5*y + 176537 = 2*t. What are the prime factors of y?
3, 3923
Let z be 2/4 - (-283)/2. Let l = -3518 - -3441. Let s = z + l. List the prime factors of s.
5, 13
Suppose -3*o - 267 = -3*t, t + 2 - 5 = 0. Let g be 60/(-54)*-3*(-675)/(-18). Let r = o + g. List the prime factors of r.
3, 13
Let y be -86 - -384 - (-6 + -1). Suppose 1427 = 4*b - y. What are the prime factors of b?
433
Let u(c) = -1128*c - 11510. What are the prime factors of u(-30)?
2, 5, 7, 11, 29
Suppose w + 6 + 2 = 0. Let v(d) be the second derivative of -23*d**3/6 - 22*d**2 + 2487*d. List the prime factors of v(w).
2, 5, 7
Let q = 30361 + -19882. What are the prime factors of q?
3, 7, 499
Suppose 20483 = 5*t + 2*m, -4075 = -t - 62*m + 67*m. What are the prime factors of t?
3, 5, 7, 13
Suppose -529 - 1145 = 31*p. Suppose -2*s + 2*u - 25 = -5, 0 = -3*s + 5*u - 40. List the prime factors of 3 + (s - (p + -5)).
3, 19
Suppose 0 = 27*a - 24*a - 5*z - 968, 3*z = -5*a + 1602. Suppose -318*y - 2943 = -a*y. What are the prime factors of y?
3, 109
Suppose -43*d - 21*d + 383808 = 0. What are the prime factors of d?
3, 1999
Suppose 21*n + 120 = 29*n. What are the prime factors of (-3880)/n*3/2*-1?
2, 97
Let z = -122 + 127. Suppose -h = -2*k + k - 366, 4*h - 1459 = z*k. List the prime factors of h.
7, 53
What are the prime factors of 1*-5*(-20 + 198/90)?
89
List the prime factors of -21*(-92)/(-16)*2928/(-9).
2, 7, 23, 61
Suppose 0 = -3*f + 29 + 7. Let j be (-3880)/f*18/(-15). Suppose 5*o - j = 4*l + 49, 0 = 3*o - 4*l - 267. What are the prime factors of o?
5, 17
Suppose -231*u - 4100336 = -482*u. What are the prime factors of u?
2, 1021
Suppose -m + 9 + 3 = 0. Suppose -3*p + 18 = m. Suppose -p = -2*n - 0, n = u - 75. List the prime factors of u.
2, 19
Suppose 0*w = x + 5*w + 8, -x = -3*w. Let m(j) = 132*j**2 - 18*j - 58. List the prime factors of m(x).
2, 37
Su